03142101 + -1?
203142100
In base 4, what is 22 + -1332300?
-1332212
In base 5, what is -2 - 22422344?
-22422401
In base 2, what is 10011110110 - -11100010010?
110000001000
In base 2, what is -101101010 - -1011?
-101011111
In base 4, what is 3 - 3203232?
-3203223
In base 5, what is 11111124 - 3?
11111121
In base 11, what is 15 - -183a?
1854
In base 13, what is 5a3a3 + -6?
5a39a
In base 5, what is -3 - 2002123?
-2002131
In base 6, what is -5442 + 1004?
-4434
In base 4, what is 2 - 32121323?
-32121321
In base 10, what is 838 + -563?
275
In base 9, what is 17751 - 1?
17750
In base 5, what is -43331 + -1404?
-100240
In base 11, what is -2a1 + -724?
-a15
In base 5, what is 1102320 + -244?
1102021
In base 6, what is 11 - 534?
-523
In base 13, what is -3 + -370?
-373
In base 15, what is -3 - 4618?
-461b
In base 10, what is -100500 - -3?
-100497
In base 8, what is -1131 - 4?
-1135
In base 16, what is 331d - -1?
331e
In base 3, what is -1020110200 + 0?
-1020110200
In base 8, what is -2760 - 114?
-3074
In base 9, what is 150 + -208?
-48
In base 7, what is 13 - 642?
-626
In base 3, what is 11021100222111 - 1?
11021100222110
In base 8, what is 5015 + 45?
5062
In base 9, what is 10 + 11108?
11118
In base 9, what is -8 + 31101?
31082
In base 6, what is 22332 - 24?
22304
In base 13, what is -26877 - 61?
-26908
In base 13, what is -2a314 - -b?
-2a306
In base 3, what is 21010 - -20122?
111202
In base 9, what is -507 - -1071?
463
In base 8, what is 3 + -121232?
-121227
In base 11, what is -12250 - -2?
-12249
In base 2, what is 10101011110 - 0?
10101011110
In base 3, what is -2221222211 - 1?
-2221222212
In base 16, what is -10c6f - 5?
-10c74
In base 7, what is -4 - 24204?
-24211
In base 7, what is -25 - -3252?
3224
In base 9, what is 1 + 1301355?
1301356
In base 7, what is 625053 + -5?
625045
In base 14, what is 6 - 6c556?
-6c550
In base 6, what is -135 + 222301?
222122
In base 7, what is 425005 - 21?
424654
In base 11, what is -32 + 168?
136
In base 12, what is 1b9aa - -5?
1b9b3
In base 2, what is -10 + 101010000000001101?
101010000000001011
In base 12, what is 3640a6 - 5?
3640a1
In base 10, what is -124969 - 2?
-124971
In base 14, what is -6 + -9452?
-9458
In base 8, what is 3337777 - 0?
3337777
In base 9, what is -6885848 + 3?
-6885845
In base 8, what is 3503 - -1021?
4524
In base 12, what is -150 + -508?
-658
In base 14, what is -3 + 6dbb?
6db8
In base 7, what is -2 + 3160?
3155
In base 11, what is 13929 - -75?
139a3
In base 12, what is -73a1 + 0?
-73a1
In base 7, what is 16 + -13544?
-13525
In base 4, what is -20220133 - 323?
-20221122
In base 5, what is -33 + 100242?
100204
In base 15, what is a440 - -4?
a444
In base 14, what is 7d712 + 4?
7d716
In base 12, what is 4 - -525b0?
525b4
In base 6, what is 5554401 - -4?
5554405
In base 7, what is 1 - 5006?
-5005
In base 15, what is -815 - 2c?
-842
In base 14, what is 657a6 - -2?
657a8
In base 9, what is 51371 + -32?
51338
In base 4, what is -13 - 12011102?
-12011121
In base 12, what is -1a17a - -4?
-1a176
In base 6, what is 2503255 - -31?
2503330
In base 3, what is -20211 + -222011121?
-222102102
In base 9, what is 448 - -506?
1055
In base 16, what is -8 - -283?
27b
In base 11, what is 5 + -3280?
-3276
In base 3, what is 2200 - 11222221?
-11220021
In base 6, what is -31231433 - -2?
-31231431
In base 6, what is -1 + 3514?
3513
In base 5, what is -103 + -3142?
-3300
In base 8, what is -17 + -26413?
-26432
In base 7, what is -30024 - 5?
-30032
In base 3, what is 2122101222221 - 0?
2122101222221
In base 7, what is 36 - 15006?
-14640
In base 13, what is -2 + 91cb?
91c9
In base 15, what is 2596 + -e?
2587
In base 12, what is -393b3 + 0?
-393b3
In base 11, what is 158 - -2799?
2946
In base 6, what is 1 + 30314?
30315
In base 4, what is 0 - -1013122?
1013122
In base 13, what is 2c8 - -29ab?
2ca6
In base 8, what is -4 + -55006?
-55012
In base 7, what is -1110 - 1152?
-2262
In base 8, what is 2214 + -5?
2207
In base 8, what is -5 + 252071?
252064
In base 3, what is 12110010001 - -2?
12110010010
In base 13, what is 42 + -1473?
-1431
In base 6, what is 3 - -120043532?
120043535
In base 8, what is 1 - -4022211?
4022212
In base 6, what is 1153521 - -4?
1153525
In base 10, what is 13 + 1224?
1237
In base 15, what is 36db - -4?
36e0
In base 9, what is 1676740 + -2?
1676737
In base 12, what is a44 - -1b7?
103b
In base 4, what is -23 - -202332232?
202332203
In base 15, what is 1ed - 3d?
1b0
In base 11, what is -1966 - 5?
-1970
In base 14, what is -340 - -531?
1d1
In base 15, what is 3d997 + -2?
3d995
In base 3, what is -2 + 120101210202?
120101210200
In base 3, what is -1100 + -10020000?
-10021100
In base 13, what is -b03 - 20b?
-1011
In base 10, what is 3 + -13184?
-13181
In base 3, what is 2 + -102220210?
-102220201
In base 7, what is -10532 - -1066?
-6433
In base 11, what is 8 - -31a74?
31a81
In base 13, what is 2b + 41c3?
4221
In base 10, what is -125 + 426?
301
In base 14, what is -57d5 + 3?
-57d2
In base 15, what is -2 + -3649?
-364b
In base 10, what is -1214 + 1?
-1213
In base 10, what is -3 - -13907?
13904
In base 5, what is 2430 + 2140?
10120
In base 12, what is 10295 - 2?
10293
In base 10, what is 393 - -32?
425
In base 5, what is -2 - 1112232?
-1112234
In base 8, what is -2 - 1067557?
-1067561
In base 2, what is 1001010 + 10100111010?
10110000100
In base 12, what is 8 + -472a9?
-472a1
In base 11, what is 305681 + 1?
305682
In base 6, what is 1114205 - -2?
1114211
In base 14, what is 9 - 19b26?
-19b1b
In base 12, what is 46742b + 0?
46742b
In base 9, what is 5 - -83850?
83855
In base 8, what is 0 + -4646?
-4646
In base 6, what is -4 - -251044?
251040
In base 9, what is 251 + -8117?
-7756
In base 15, what is 4 - cc209?
-cc205
In base 5, what is 2 - -122033?
122040
In base 4, what is 30203001 - -10?
30203011
In base 14, what is -1a - -4a4d?
4a33
In base 5, what is 102 - 101322?
-101220
In base 8, what is 57 + -1511?
-1432
In base 13, what is -4 + -7b752?
-7b756
In base 13, what is -2a3b + -22?
-2a60
In base 13, what is 1bc5ca + -4?
1bc5c6
In base 4, what is 3 + 320000112?
320000121
In base 3, what is -1010 + 2102102100?
2102101020
In base 6, what is 0 + -12050?
-12050
In base 6, what is 2345322 + 2?
2345324
In base 4, what is 123311010 + -11?
123310333
In base 15, what is 56e + 1?
570
In base 10, what is -11739 + -3?
-11742
In base 13, what is 548 + -56?
4c2
In base 8, what is -2 - 6705?
-6707
In base 7, what is 12 + -3064554?
-3064542
In base 7, what is 435 - -54?
522
In base 8, what is 24105502 - 0?
24105502
In base 7, what is 10 - 561540?
-561530
In base 11, what is -19843a - 1?
-198440
In base 4, what is 0 + 20000003?
20000003
In base 2, what is 101100100011 + -11001?
101100001010
In base 7, what is 32 - 1253?
-1221
In base 16, what is -55d - -41?
-51c
In base 11, what is 70 + 5523?
5593
In base 6, what is 5 - -432001?
432010
In base 11, what is 0 + -157?
-157
In base 4, what is 11022003111 + -2?
11022003103
In base 9, what is -762221 + -1?
-762222
In base 10, what is -6626 + -5?
-6631
In base 5, what is 11310 - 1323?
4432
In base 12, what is -2a40 + -39?
-2a79
In base 6, what is 5521042 + 1?
5521043
In base 12, what is 10 - -41766?
41776
In base 9, what is -170 - 1866?
-2146
In base 15, what is 187 - -1b?
1a3
In base 3, what is 210010111120 + -12?
210010111101
In base 4, what is 30130321 - 0?
30130321
In base 2, what is 11000000000101100 - -100?
11000000000110000
In base 11, what is 25a72a + 5?
25a734
In base 8, what is 113 + -65733?
-65620
In base 16, what is -14861 + -b?
-1486c
In base 12, what is -28b8 - 17b?
-2a77
In base 4, what is 12313201122 - -1?
12313201123
In base 4, what is 2133002222 + 1?
2133002223
In base 4, what is -1 + -1003110?
-1003111
In base 2, what is -100010110111 - 10011111?
-100101010110
In base 16, what is -42 + 3262?
3220
In base 3, what is 22 + -1122211200?
-1122211101
In base 11, what is 191 - -a?
1a0
In base 12, what is -3513 + -7?
-351a
In base 11, what is 5 - -139933?
139938
In base 7, what is -5506333 - -1?
-5506332
In base 13, what is -20c49 - 2?
-20c4b
In base 11, what is -1965 + 4?
-1961
In base 4, what is 30 + -200322022?
-200321332
In base 5, what is 1010413 - -2?
1010420
In base 2, what is -10010110000001111 + -111?
-10010110000010110
In base 16, what is 70 - -274?
2e4
In ba